 5*q - 95, -q + 55 = 3*j. Let a = -38 + q. Calculate the greatest common factor of a and 22.
2
Let n be 21/5 - 4/20. Suppose n*g + 44 = -f + 3, -3*g - 37 = 2*f. Let x = 9 - g. Calculate the highest common factor of 6 and x.
6
Let t be (-1)/(-2) + 140/8. Let z be t*6/9*1. Suppose 2*h + z = 6*h. What is the greatest common divisor of h and 33?
3
Let w be 128 + (-15)/(-3) - 10/(-2). Calculate the highest common divisor of w and 345.
69
Suppose 7*h + 180 = 229. Suppose -d - 126 = -3*d. Calculate the highest common factor of d and h.
7
Suppose -g = 4*w - 375, 326 = 5*w + 4*g - 129. Let v = -109 + 128. Calculate the greatest common divisor of v and w.
19
Suppose -3*g = -62 - 508. Suppose -11*d + g = -195. What is the highest common divisor of d and 385?
35
Suppose 3*l - 235 = 71. Let n be 2/(-9) - (-1232)/36. What is the greatest common divisor of n and l?
34
Let r(y) = -y**2 + 3*y + 362. Let w be r(-12). What is the greatest common factor of w and 14?
14
Suppose 0 = -2*j - 3*v + 15, 27 = 4*j - 17*v + 20*v. Calculate the greatest common factor of 78 and j.
6
Let i = 621 - 615. What is the highest common divisor of i and 6?
6
Suppose 0 = -5*f + 2*y + 251, 9*f + 2*y + 202 = 13*f. What is the highest common factor of f and 56?
7
Let r(w) = w**3 + 54*w**2 - 73*w + 99. Let j be r(-55). Calculate the highest common factor of j and 198.
99
Let x = -1312 + 1335. Calculate the highest common factor of 2507 and x.
23
Suppose 33 - 129 = -8*a. What is the highest common factor of 108 and a?
12
Let s be (-12)/(-54) - (-50)/18. Suppose 0 = -s*g - 2*g + 660. Let b be 28/6*(-162)/(-63). What is the greatest common divisor of b and g?
12
Suppose -4*x + 24 = q, 5*q - 3*x = -8*x + 90. Suppose 0*s - 3*s - 5*p = -28, 2*s + 2*p = q. Calculate the highest common divisor of 24 and s.
6
Let q = -10 + 20. What is the highest common factor of q and 34?
2
Let h be 736/115 - (-4)/(-10). Suppose 0 = -h*o + 3 + 33. Calculate the greatest common divisor of 12 and o.
6
Let p(j) = -6*j + 12. Let k be p(9). Let c = 32 - k. Let a = c - 50. What is the highest common factor of a and 72?
24
Suppose -2*b + 13 = 3*a, 5*a + 0*a + 48 = 3*b. Let g = b + -8. Let u be (-1635)/(-20) + g/(-4). Calculate the greatest common factor of u and 9.
9
Suppose 5 = 3*w + 2*w - 2*v, 3*w + 3*v - 3 = 0. Let h be (-8)/2 + 135 + w. What is the greatest common factor of 88 and h?
44
Let b(k) = k**2 + 2*k + 21. Let q be b(0). Let i = 12 + 72. What is the greatest common factor of i and q?
21
Let a(y) = 133*y - 103. Let n be a(1). Let t(m) = -m**3 - 5*m**2 + 4*m + 8. Let g be t(-6). Calculate the highest common divisor of g and n.
10
Suppose 29*a - a + 193 = 221. Let i = 1 + 8. Calculate the greatest common divisor of a and i.
1
Let i(y) = -10*y - 10. Let o(s) = -s**2 - 6*s + 14. Let a be o(-8). Let x be i(a). What is the highest common divisor of 10 and x?
10
Let k be (28/(-6) + 2)*(-315)/14. What is the highest common factor of 24 and k?
12
Let a be 82 + ((-2)/(-16) - (-595)/(-280)). What is the highest common divisor of a and 680?
40
Let r = 54 - 31. Suppose 6*o = 13 + r. What is the greatest common factor of o and 66?
6
Let l = 107 - -3. What is the greatest common factor of l and 1430?
110
Suppose -24 = 2*k - 3*k. Let b = -58 - -74. Calculate the highest common factor of k and b.
8
Suppose 42 = 3*b + 3*j, -51 = -3*b - j - 17. Let k = 48 - 28. Suppose o - 6*o + k = 0. What is the highest common divisor of b and o?
2
Suppose -198 - 822 = -3*l - 3*s, -3*s + 348 = l. Calculate the greatest common divisor of 84 and l.
84
Let j = -6 - -8. Suppose j*s = 7*s + 25. Let o be ((-8)/10)/(s/50). Calculate the highest common divisor of 12 and o.
4
Let q = 113 + -99. Suppose q*d - 68 = 58. Calculate the greatest common factor of 2 and d.
1
Suppose 7*s + 74 = 683. What is the highest common factor of 232 and s?
29
Let s(a) be the first derivative of -a**4/4 + a**3/3 - a**2/2 + 12*a + 16. Let f be s(0). What is the greatest common factor of f and 8?
4
Let m(w) = w**3 - 27*w**2 - 58*w + 9. Let l be m(29). Calculate the highest common factor of 96 and l.
3
Suppose 4*t - 10 = 2. Let c = 78 + t. Let a = -11 + 20. Calculate the greatest common factor of a and c.
9
Suppose 0 = -0*w - 5*w + 25. Suppose -71*h = -75*h + 180. Calculate the highest common factor of h and w.
5
Suppose 6*j = 13 + 17. Suppose j*t - 52 = -r, -3*r + 120 = -t - 4. Calculate the greatest common factor of r and 21.
21
Suppose -998*n + 916*n = -15334. Suppose u = -3*b - 2*b + 32, -22 = -2*u + 4*b. What is the greatest common factor of n and u?
17
Let b be ((-30)/(-1))/(-2 - -1). Let j be b/195 - 834/(-13). Calculate the greatest common factor of 8 and j.
8
Let a = -202 - -211. What is the greatest common factor of 477 and a?
9
Suppose -5 - 16 = 7*t. Let n be (-1881)/(-38)*(-8)/t. Calculate the greatest common divisor of 44 and n.
44
Suppose -283 = -2*t - 281. What is the highest common factor of t and 23?
1
Let u = 23 - 12. Let s = u - 1. Suppose 153 = 2*y + 73. What is the greatest common divisor of s and y?
10
Let j = -190 + 247. Calculate the highest common divisor of 57 and j.
57
Let b(o) = -32*o**3 + o**2 - 3*o. Suppose -k + 18 = n + 4*k, -5*n = 5*k - 10. Let f be b(n). What is the greatest common factor of 38 and f?
38
Let r(v) = -2*v - 28. Let w be r(-14). Suppose w = -5*i + 337 + 13. What is the highest common divisor of 28 and i?
14
Let f be (-54 - 16/8)*-1. What is the highest common factor of 8 and f?
8
Suppose 2*u - 4*f = 4, u - 2 = -5*f + f. Suppose -u*s + 7*s - 380 = 0. What is the highest common divisor of 57 and s?
19
Let x(w) = w**2 + 27*w - 108. Let h be x(36). Calculate the greatest common divisor of 40 and h.
40
Suppose -3*f + 4*y + 391 = -63, 5*y + 760 = 5*f. Suppose 46*n = 302 + 342. Calculate the greatest common divisor of f and n.
14
Let s = 29 - -34. Calculate the greatest common factor of s and 126.
63
Let k(q) = -2*q + 13. Let l be k(5). Suppose -889 = -3*d - 2*h, 0 = -l*d + 4*d + 4*h - 293. Calculate the highest common factor of 27 and d.
27
Let s be (154/(-55))/((-2)/(-10)). Let f = -11 - s. Suppose -4*o + 2*o = -f*u - 63, -4*u = -3*o + 95. Calculate the greatest common divisor of 11 and o.
11
Let z(x) = 29*x + 145. Let h be z(7). What is the highest common factor of 609 and h?
87
Suppose -21 = -18*i + 17*i. Let d = -262 - -493. What is the highest common factor of i and d?
21
Suppose -u + 18*x - 16*x + 88 = 0, -3*u + 242 = 5*x. Calculate the greatest common divisor of u and 924.
84
Let o be (-18)/(-45) - 206/(-10). Suppose -4*d - 19 + 75 = 0. Calculate the greatest common factor of o and d.
7
Suppose -4*s - s = 5*l + 10, -16 = -s + 5*l. Suppose s + 3 = 2*g. Suppose 0 = g*a - 6. Calculate the highest common factor of 24 and a.
3
Let q = 544 + -328. Suppose 4*v = -5*v + q. Let k = 1 + 15. What is the greatest common divisor of k and v?
8
Suppose 29*z + 7*z = 756. Let s be (2 + 188)/1 + -1. What is the greatest common factor of s and z?
21
Let y = 6 - 3. Suppose -y*f - 36 = 4*z, 2*f + 3*z + 24 = z. Let o be (-4)/(f/15) - -3. Calculate the highest common divisor of o and 88.
8
Suppose 132 = 2*h - 4*h. Let n = -59 - h. What is the highest common factor of n and 77?
7
Let u(i) = 3*i**2 - 4*i + 5. Let k be u(3). Let a be (-309)/((45/12)/(-5)). Let y = a + -232. Calculate the greatest common divisor of y and k.
20
Let w = -1279 + 1576. Calculate the greatest common divisor of w and 11.
11
Let x(w) = w**2 + 11*w - 29. Let v = -43 + 29. Let i be x(v). Suppose 4*k - 3*a = 144, 4*k - 5*a - 175 = -k. Calculate the highest common factor of i and k.
13
Let l = -261 - -266. Let j be (2/4)/(2/8). Let d be -1*j - (5 + -42). Calculate the highest common divisor of d and l.
5
Let p be (-2)/(-3) + 2/(-3). Let s(a) be the first derivative of -a**4/4 + 45*a + 86. Let g be s(p). What is the highest common divisor of 30 and g?
15
Let j be 20/(-8) - (-3)/(-6). Let y be (j - 0) + 76 + -3. What is the highest common divisor of y and 14?
14
Suppose -33 = 5*w + s, -5*w + 3*s + 4 = 25. Let n = 83 + w. Suppose 3*y - 16 = g + 22, -g = -y + 16. What is the greatest common divisor of n and y?
11
Let v = 4 + -10. Let l be v/(-4)*(-110)/(-15). Calculate the highest common divisor of l and 1.
1
Let c = -63 - -68. Suppose c*y + 60 = 11*y. Suppose -3*f + 4*x + 45 = 